{"id":54,"date":"2024-03-07T16:12:47","date_gmt":"2024-03-07T19:12:47","guid":{"rendered":"https:\/\/modelosemanequins.com.br\/?page_id=54"},"modified":"2024-03-10T11:31:13","modified_gmt":"2024-03-10T14:31:13","slug":"regras","status":"publish","type":"page","link":"https:\/\/modelosemanequins.com.br\/?page_id=54","title":{"rendered":"Regras"},"content":{"rendered":"\n<figure class=\"wp-block-image size-full\"><img loading=\"lazy\" decoding=\"async\" width=\"1024\" height=\"341\" src=\"https:\/\/modelosemanequins.com.br\/wp-content\/uploads\/2024\/03\/noticias-1500-x-500-2-1024x341-1.jpg\" alt=\"\" class=\"wp-image-299\"\/><\/figure>\n\n\n\n<p class=\"has-body-text-color has-text-color has-link-color wp-elements-b8db9c293ef980c40430c5d490f7485f\">Para ingressar em nosso elenco, a modelo tem algumas regras a observar:<\/p>\n\n\n\n<p class=\"has-body-text-color has-text-color has-link-color wp-elements-fc16d41046c2c5e19e86653c3f761a72\">a) Enviar 3 fotos e dados pessoais para avalia\u00e7\u00e3o, para.<\/p>\n\n\n\n<p class=\"has-body-text-color has-text-color has-link-color wp-elements-f42ced7b136064af7dba34ffeca65e82\">eclipsenymodels@gmail.com<\/p>\n\n\n\n<p class=\"has-body-text-color has-text-color has-link-color wp-elements-b36a9772c4f17439f3174b406b094ffb\">b) Se APROVADA voc\u00ea receber\u00e1 as instru\u00e7\u00f5es de como fazer.<\/p>\n\n\n\n<p class=\"has-body-text-color has-text-color has-link-color wp-elements-852069c7a18f0210ca13a4942d7d9e42\">A Eclipse Photo Agency New York s\u00f3 convocar\u00e1 para integrar o elenco, modelos que previamente foram aprovadas no processo de avalia\u00e7\u00e3o por profissionais de sele\u00e7\u00e3o, primeiro pelos olheiros e em seguida pela equipe da EclipseNY Models.<\/p>\n\n\n\n<p class=\"has-body-text-color has-text-color has-link-color wp-elements-6041337b27244b8de2fd96f4db95a852\">Apenas 2 pessoas s\u00e3o autorizadas pela EclipseNY Models para falar em nome da agencia no Brasil, seus nomes s\u00e3o:<\/p>\n\n\n\n<p class=\"has-body-text-color has-text-color has-link-color wp-elements-fb0ce2ac7dfaaa519332259168f78e1b\">Diretor Internacional e Fotografia: JC Volot\u00e3o<\/p>\n\n\n\n<p class=\"has-body-text-color has-text-color has-link-color wp-elements-e06f57f8c16b28bb82c23329c9b27500\">Diretora Executiva Brasil: Marina Coutinho<\/p>\n\n\n\n<p class=\"has-body-text-color has-text-color has-link-color wp-elements-bdf113e8bac4142b9fa636b7dd6edd44\">Os Fot\u00f3grafos Credenciados tem a autoriza\u00e7\u00e3o da EclipseNY Models APENAS para fotografar as modelos e enviar o material para o escrit\u00f3rio, no valor cobrado pelo fotografo inclui:<\/p>\n\n\n\n<p class=\"has-body-text-color has-text-color has-link-color wp-elements-3a7c421855446ce7501f6678a863a9e6\">1- Trabalho fotogr\u00e1fico<br>2- Enviar 15 fotos em alta resolu\u00e7\u00e3o para o book online, n\u00e3o \u00e9 necess\u00e1rio ampliar, diminuindo assim o seu custo.<br>3- A modelo far\u00e1 parte da EclipseNY Models, isso significa que suas fotos estar\u00e3o sendo inclu\u00eddas no CASTING DA AGENCIA.<br>4- A modelo ter\u00e1 10 fotos expostas no SITE da EclipseNY Models por 01 ano.<br>5- A modelo ter\u00e1 as fotos tamb\u00e9m em nosso BLOG.<\/p>\n","protected":false},"excerpt":{"rendered":"<p>Para ingressar em nosso elenco, a modelo tem algumas regras a observar: a) Enviar 3 [&hellip;]<\/p>\n","protected":false},"author":1,"featured_media":0,"parent":0,"menu_order":0,"comment_status":"closed","ping_status":"closed","template":"","meta":{"_monsterinsights_skip_tracking":false,"_monsterinsights_sitenote_active":false,"_monsterinsights_sitenote_note":"","_monsterinsights_sitenote_category":0,"footnotes":""},"aioseo_notices":[],"_links":{"self":[{"href":"https:\/\/modelosemanequins.com.br\/index.php?rest_route=\/wp\/v2\/pages\/54"}],"collection":[{"href":"https:\/\/modelosemanequins.com.br\/index.php?rest_route=\/wp\/v2\/pages"}],"about":[{"href":"https:\/\/modelosemanequins.com.br\/index.php?rest_route=\/wp\/v2\/types\/page"}],"author":[{"embeddable":true,"href":"https:\/\/modelosemanequins.com.br\/index.php?rest_route=\/wp\/v2\/users\/1"}],"replies":[{"embeddable":true,"href":"https:\/\/modelosemanequins.com.br\/index.php?rest_route=%2Fwp%2Fv2%2Fcomments&post=54"}],"version-history":[{"count":4,"href":"https:\/\/modelosemanequins.com.br\/index.php?rest_route=\/wp\/v2\/pages\/54\/revisions"}],"predecessor-version":[{"id":300,"href":"https:\/\/modelosemanequins.com.br\/index.php?rest_route=\/wp\/v2\/pages\/54\/revisions\/300"}],"wp:attachment":[{"href":"https:\/\/modelosemanequins.com.br\/index.php?rest_route=%2Fwp%2Fv2%2Fmedia&parent=54"}],"curies":[{"name":"wp","href":"https:\/\/api.w.org\/{rel}","templated":true}]}}