{"id":17,"date":"2024-03-07T15:41:17","date_gmt":"2024-03-07T18:41:17","guid":{"rendered":"https:\/\/modelosemanequins.com.br\/?page_id=17"},"modified":"2024-03-10T12:28:47","modified_gmt":"2024-03-10T15:28:47","slug":"empresa","status":"publish","type":"page","link":"https:\/\/modelosemanequins.com.br\/?page_id=17","title":{"rendered":"Empresa"},"content":{"rendered":"\n<p><\/p>\n\n\n\n<figure class=\"wp-block-image size-full\"><img loading=\"lazy\" decoding=\"async\" width=\"1024\" height=\"341\" src=\"https:\/\/modelosemanequins.com.br\/wp-content\/uploads\/2024\/03\/sobrer-1500-x-500-1024x341-1.jpg\" alt=\"\" class=\"wp-image-121\"\/><\/figure>\n\n\n\n<p class=\"has-body-text-color has-text-color has-link-color wp-elements-7a82057b0123fde73517f4252fe9ba14\">A Eclipse Photo Agency New York oferece v\u00e1rios tipos de Servi\u00e7os Fotogr\u00e1ficos e Publicit\u00e1rios para pequenas e grandes empresas, nacionais e internacionais. Foi fundada em 1996 em New York pelo Fot\u00f3grafo Internacional JC Volot\u00e3o <a href=\"http:\/\/www.volotao.com\" target=\"_blank\" rel=\"noopener\" title=\"\">www.volotao.com<\/a>.<\/p>\n\n\n\n<p class=\"has-body-text-color has-text-color has-link-color wp-elements-5256811045632f9ebab61e5152a59741\">Al\u00e9m de New York, possui filiais no Rio de Janeiro e Belo Horizonte.<\/p>\n\n\n\n<p class=\"has-body-text-color has-text-color has-link-color wp-elements-7a10330a8cf2a54f3d54a46bfb83edf0\">Com a grande procura de modelos e atores brasileiros em todo o mundo, criamos um setor na empresa, destinado apenas para credenciamentos de modelos e atores. Escolhemos o Rio de Janeiro e Belo Horizonte para essa implanta\u00e7\u00e3o. Estamos credenciando atores e modelos de todo o Brasil, para trabalhos NACIONAIS e INTERNACIONAIS. Precisamos de crian\u00e7as, jovens e adultos com experi\u00eancia ou n\u00e3o.<\/p>\n\n\n\n<p class=\"has-body-text-color has-text-color has-link-color wp-elements-a24729d9924c3c94d9d26209f6e34aab\">Ap\u00f3s a entrada de\u00a0Marina Coutinho Produ\u00e7\u00f5es <a href=\"http:\/\/www.marinacoutinhoproducoes.com.br\" target=\"_blank\" rel=\"noopener\" title=\"\">www.marinacoutinhoproducoes.com.br<\/a>\u00a0no grupo, devido a longa experi\u00eancia profissional.<\/p>\n\n\n\n<p class=\"has-body-text-color has-text-color has-link-color wp-elements-7d57e2a219d82ca3b2451cbc419398c4\">Confere as datas de nossos cursos. pois dependendo do trabalho, voc\u00ea ir\u00e1 precisar ter o DRT, que \u00e9 seu registro profissional. Os cursos s\u00e3o agendados em varias cidades, mas necessitamos de um n\u00famero m\u00ednimo de alunos para realiza\u00e7\u00e3o.<\/p>\n\n\n\n<p class=\"has-body-text-color has-text-color has-link-color wp-elements-9e2105a12c180c7c65322e776bddcaa5\">Os trabalhos que oferecemos s\u00e3o para MODELOS FOTOGR\u00c1FICOS, MODELOS DE PASSARELA e ATORES.<\/p>\n\n\n\n<p class=\"has-body-text-color has-text-color has-link-color wp-elements-4eb6f32da2e482ce63617b28f1c02c00\">Empresas ao contratar os servi\u00e7os da EclipseNY, como por exemplo publicidade, usamos nossos pr\u00f3prios modelos, mas tamb\u00e9m temos parcerias com v\u00e1rias outras empresas, como Produtoras, Agencias de Modelos, Televis\u00e3o, etc.<\/p>\n\n\n\n<p class=\"has-body-text-color has-text-color has-link-color wp-elements-046a7030da68b7394df8f9b94f94dde0\">Nosso casting possuem homens, mulheres e crian\u00e7as e s\u00e3o contratados por empresas para trabalhos diversos como:<\/p>\n\n\n\n<p class=\"has-body-text-color has-text-color has-link-color wp-elements-c7f17e85b411542818ef0d6599dda296\"><strong>Blitz<\/strong>, <strong>Feiras<\/strong>, <strong>Shows<\/strong>, <strong>Estandes<\/strong>, <strong>Coquet\u00e9is<\/strong>, <strong>Recep\u00e7\u00e3o<\/strong>, <strong>Vitrine Viva<\/strong>, <strong>Degusta\u00e7\u00e3o<\/strong>, <strong>Confraterniza\u00e7\u00f5es<\/strong>, <strong>A\u00e7\u00f5es Promocionais<\/strong>, <strong>Eventos Corporativos<\/strong>, etc.<\/p>\n\n\n\n<p class=\"has-body-text-color has-text-color has-link-color wp-elements-7186d221dbcd45889bf595d1a47b4ae7\">Veja abaixo a mat\u00e9ria na Globo de um de nossos eventos, nesse caso o Favela Fashion Minas.<\/p>\n\n\n\n<p><\/p>\n\n\n\n<figure class=\"wp-block-embed aligncenter is-type-video is-provider-youtube wp-block-embed-youtube wp-embed-aspect-16-9 wp-has-aspect-ratio\"><div class=\"wp-block-embed__wrapper\">\n<iframe loading=\"lazy\" title=\"CONCURSO FAVELA FASHION MINAS na GLOBO\" width=\"500\" height=\"281\" src=\"https:\/\/www.youtube.com\/embed\/p24KH8SDcD4?feature=oembed\" frameborder=\"0\" allow=\"accelerometer; autoplay; clipboard-write; encrypted-media; gyroscope; picture-in-picture; web-share\" allowfullscreen><\/iframe>\n<\/div><\/figure>\n\n\n\n<p><\/p>\n","protected":false},"excerpt":{"rendered":"<p>A Eclipse Photo Agency New York oferece v\u00e1rios tipos de Servi\u00e7os Fotogr\u00e1ficos e Publicit\u00e1rios para [&hellip;]<\/p>\n","protected":false},"author":1,"featured_media":0,"parent":0,"menu_order":0,"comment_status":"closed","ping_status":"closed","template":"","meta":{"_monsterinsights_skip_tracking":false,"_monsterinsights_sitenote_active":false,"_monsterinsights_sitenote_note":"","_monsterinsights_sitenote_category":0,"footnotes":""},"aioseo_notices":[],"_links":{"self":[{"href":"https:\/\/modelosemanequins.com.br\/index.php?rest_route=\/wp\/v2\/pages\/17"}],"collection":[{"href":"https:\/\/modelosemanequins.com.br\/index.php?rest_route=\/wp\/v2\/pages"}],"about":[{"href":"https:\/\/modelosemanequins.com.br\/index.php?rest_route=\/wp\/v2\/types\/page"}],"author":[{"embeddable":true,"href":"https:\/\/modelosemanequins.com.br\/index.php?rest_route=\/wp\/v2\/users\/1"}],"replies":[{"embeddable":true,"href":"https:\/\/modelosemanequins.com.br\/index.php?rest_route=%2Fwp%2Fv2%2Fcomments&post=17"}],"version-history":[{"count":13,"href":"https:\/\/modelosemanequins.com.br\/index.php?rest_route=\/wp\/v2\/pages\/17\/revisions"}],"predecessor-version":[{"id":317,"href":"https:\/\/modelosemanequins.com.br\/index.php?rest_route=\/wp\/v2\/pages\/17\/revisions\/317"}],"wp:attachment":[{"href":"https:\/\/modelosemanequins.com.br\/index.php?rest_route=%2Fwp%2Fv2%2Fmedia&parent=17"}],"curies":[{"name":"wp","href":"https:\/\/api.w.org\/{rel}","templated":true}]}}